w + 2. Let s(g) = 1. Let t(m) = f(m) - 2*s(m). Calculate t(-4).
4
Let c(f) = f**3 - 2*f**2 - 2*f + 2. Let m(g) = -g**3 + g**2 + 3*g - 3. Let n(s) = -3*c(s) - 2*m(s). Give n(4).
0
Let a(c) = -c + 4. Suppose r + 0*s + 2*s = -1, 5*r - 5*s - 25 = 0. Suppose r*l - 4*v = 2*l, 5*l = -3*v. What is a(l)?
4
Let o(f) = 2*f - 2. Let y be o(-2). Let i be (-46)/(-6) - 2/y. Suppose l - i = -l. Let s(j) = -j + 3. Give s(l).
-1
Let z = -208 + 208. Let j(o) = 4*o + 10. Let t(c) = 3*c + 9. Let n(b) = -4*j(b) + 5*t(b). Give n(z).
5
Let m be (-3 + 4)*3 + -1. Let r(c) be the first derivative of m + 3*c - 1/2*c**2. Calculate r(3).
0
Suppose -d + 2*d = -3. Let o(i) = i**3 + 4*i**2 + 3*i + 2. Let w be o(d). Let p(c) = -4*c + 0*c**2 + c**2 + c**2 + 0*c**w. Calculate p(3).
6
Let y(n) = -6 + 5*n - 4*n + 5. Give y(-5).
-6
Let w(r) = -1. Let c(v) = v - 1. Let x(g) = 5*c(g) - 4*w(g). Determine x(-4).
-21
Let f(m) = -m**2 - 6*m - 5. Let g = 5 - 3. Suppose -g*s + 2 = -s. Suppose -2*a + 3*z + s = 0, -4*a = -3*z + 4 + 4. What is f(a)?
0
Let o(d) = -3*d**2 - 4*d - 1. Suppose 14*y = 19*y - 20. Let v(u) = 7*u**2 + 9*u + 1. Let h(g) = y*v(g) + 9*o(g). Let i be 1/2*(0 - 0). What is h(i)?
-5
Let x(a) = 2*a**2 + 5*a - 4. Let w be x(-3). Suppose 0 = -0*z - 3*z. Let f(s) = z*s - 1 - s + 2*s. Calculate f(w).
-2
Let l = -19/3 + 20/3. Let s(m) be the second derivative of 0 - m + l*m**3 - 1/2*m**2. Calculate s(-4).
-9
Let b(u) = u + 7. Suppose 0 = -5*z + 4*z + 5. Suppose -r = -2*r - z. Calculate b(r).
2
Let y be 156/(-16) + (-3)/(-4). Let q be (-16)/(-6) + (-3)/y. Let u(k) = k**2 - 2*k - 1. Let f be u(q). Let i(d) = d**3 - 4*d**2 + 3*d - 3. Calculate i(f).
-5
Let m(a) = 1. Let w(h) = -5*h - 4. Let f(y) = 2*m(y) + w(y). Let b(s) = 9*s + 3. Let p(n) = 3*b(n) + 5*f(n). Give p(2).
3
Let y(d) be the first derivative of -d**4/4 + 4*d**3/3 - d**2 + 3*d + 4. What is y(4)?
-5
Let f(b) be the second derivative of -3*b**5/20 + b**4/12 + b**3/6 + 2*b**2 + 2*b. Let l(q) be the first derivative of f(q). Calculate l(-1).
-10
Let f(t) = 3*t + 3. Let l(i) = -i**3 + i**2 + i - 3. Let k be l(0). Determine f(k).
-6
Let f be 4/(-26) - 24/13. Let u = -3 - f. Let c(j) = 3*j - 1. Calculate c(u).
-4
Let z(t) = 0*t + 7*t - 6*t - 6 + 0*t. Calculate z(-6).
-12
Suppose 4*x + 5*h - 5 = x, -2*h = 4. Let a(p) be the third derivative of 4*p**2 - 1/30*p**x + 0*p - 1/12*p**4 + 1/3*p**3 + 0. Calculate a(-2).
-2
Let b(z) = -3*z**2 + 14*z + 8. Let l be b(5). Let r(v) be the third derivative of -v**3 + 0 - 1/60*v**5 + l*v**2 + 0*v + 1/6*v**4. Give r(4).
-6
Suppose 2*u - 5 = 7. Let q(m) = m - 4. Give q(u).
2
Let s(k) = k. Let g(j) = j**2 - 5*j - 1. Let q(w) = g(w) + s(w). Give q(3).
-4
Let b(y) = y**3 + 4*y**2 - 6*y + 2. Suppose -d = 2*d. Suppose 6*h - 2*h + 20 = d. Calculate b(h).
7
Let c(f) be the first derivative of f**3/3 - 3*f**2 - 12. What is c(5)?
-5
Suppose 0 = -4*c - 5 - 19. Let m(p) = p**2 + 7*p + 7. What is m(c)?
1
Suppose -2*y - 9 = y. Let m(g) = -43*g + 2 - 4 + 41*g. Let q(k) = 3*k + 2. Let p(b) = y*m(b) - 4*q(b). Give p(-2).
10
Let x(w) = w**3 - 2*w**2 - 4. Let h be -2 + (3/7 - (-224)/49). Calculate x(h).
5
Let s(l) = -24*l + 2*l**2 - 9*l**2 - l**3 + 20*l + 10 - 2*l**2. Give s(-8).
-22
Let l(r) = -r - 6. Let s be l(-12). Suppose -s = o - 3*o. Let u = -6 + o. Let d(h) = 2*h - 2. Give d(u).
-8
Let q(y) = 1. Let j(t) = t - 9. Let w(p) = j(p) + 6*q(p). Suppose 3*b = 2*o + 92, 3*o + 93 = 2*b + b. Let v be (-4)/24 - (-155)/b. Give w(v).
2
Let h(k) be the first derivative of -4 + 1/4*k**4 + 4/3*k**3 - 2*k + 1/2*k**2. Determine h(-3).
4
Let z(t) = -4*t + 3. Let g(j) = j + 2. Suppose u + 5 = c, c = -3*c + 5*u + 25. Let l be g(c). What is z(l)?
-5
Let m be (60/(-25))/((-3)/10). Suppose -3*g - 17 = -m. Let z(o) = 7 + o - 5 + 3*o**2 + o**3 + 0 - 4. What is z(g)?
-5
Suppose 6*w + 4*b = 3*w + 5, -4*w = -b - 32. Suppose 5*a = 4*s - 15, 5*s - 3*s - 3*a = w. Let m(g) be the second derivative of -g**3/6 + g. Give m(s).
-5
Let o = 4 + -2. Let v(a) = a**2 - 2*a + 2. What is v(o)?
2
Let m(y) = -y**2 + 11*y - 11. Suppose 6*d = -5*b + 3*d + 56, b - 2*d - 6 = 0. Give m(b).
-1
Suppose -2*t = k + 3 - 15, -4*t + 20 = 0. Suppose -3*r - 1 = k. Let y(s) = s**3 + 2*s**2 - 1. What is y(r)?
0
Let w(o) = -o**2 + 8*o + 13. Suppose 0*v = 4*z - 2*v - 46, -5*v + 25 = 4*z. Give w(z).
-7
Suppose -u - 1 + 2 = 0. Let w(s) = 2*s**2 - s. Let z be w(u). Let l(m) = -m. What is l(z)?
-1
Let f(s) be the second derivative of -s**3/6 - s**2/2 + 2*s. Let m = 8 + -3. Suppose -o + m*o = 12. Determine f(o).
-4
Let v(u) = -u**2 + 3*u + 4. Suppose -k - 2*k + 9 = 0, k = -2*i + 13. Let l be v(i). Let t(y) = y**3 + 5*y**2 - 7*y + 1. Calculate t(l).
7
Let b(r) = r + 2. Let w(x) = 2*x + 2. Let k(d) = -2*b(d) + 3*w(d). What is k(2)?
10
Let m = -4 + 7. Let d(n) = n**2 + 4 + 33*n - 20*n - 19*n. Determine d(m).
-5
Let i(m) = m**3 - m**2 + 2. Suppose 0 = -0*d + 7*d - 21. Suppose -d*r + 2*x = 3 - 1, -3*x = -3. Determine i(r).
2
Let p(l) = 54*l - 35*l - l**2 - 6 - 28*l. Give p(-6).
12
Let f(q) = q**2 - 7*q - 3. Let c(x) = -2*x**2 + 3*x + 1. Let m be c(3). Let t be (m/(-6))/(4/18). Give f(t).
-9
Let k be (-1 + -1)/(2 + -3). Let v = 8 - k. Suppose -2*r + 0*s + 2*s = -v, 12 = 5*r - 2*s. Let x(u) = u**2 - 2*u + 3. Give x(r).
3
Let c(j) be the first derivative of -25*j**4/4 + 42. Determine c(-1).
25
Let z(n) = n - 6. Let f be z(8). Let r(s) = -3*s + 12*s + 3*s**2 - 2 - 5*s**2 - 5*s. Calculate r(f).
-2
Let s = -20 + 20. Let g(i) = -i**3 + i + 16. Determine g(s).
16
Let l(q) = -q**3 + q**2 + 5*q. Let b(v) = -v**3 + 3*v. Let a(u) = 5*b(u) - 3*l(u). Calculate a(-2).
4
Let r(h) = 2*h**2 - 2 + 3 - 4*h + 0. Suppose 3*x = -3*k + 39, 0 = -4*x - 0*k + 4*k + 52. Suppose 3*d - x + 4 = 0. What is r(d)?
7
Suppose -3*c - 14 = -2*n, -1 - 3 = c. Let y(h) = 9*h. Determine y(n).
9
Let u = 0 - -4. Let t(i) = i**3 - 4*i**2 - 3*i + 6. Let p be t(u). Let x(y) = y**2 + 6*y + 5. What is x(p)?
5
Let p(s) = 3*s - 1. Let u(c) = -5*c + 22. Let x be u(5). Calculate p(x).
-10
Let n(w) = -w**2 + 5*w - 6. Let i = 8 - 2. Determine n(i).
-12
Let i be (-1)/2 + (-234)/52. Let y(k) = k**3 + 5*k**2 + 2*k + 6. Give y(i).
-4
Let j(s) = 5*s + 3. Suppose n = 5*l + 21, 0 = -5*l - 1 - 24. Let v(z) = 11*z + 6. Let w(y) = n*v(y) + 9*j(y). What is w(0)?
3
Let t(g) = -2*g**2 - g. Let b be -1 + 16/20*10/4. Give t(b).
-3
Suppose 0 = 4*g - 8, 3*v - 4*g - 26 + 64 = 0. Let w be 1/3 - (-86)/(-6). Let r = v - w. Let c(f) = -f**3 + 3*f**2 + 6*f - 5. Calculate c(r).
3
Let i(c) be the second derivative of -c**3/6 + 3*c. Calculate i(-5).
5
Let a(x) be the first derivative of x**4/2 + x**3/6 + 3*x - 3. Let r(h) be the first derivative of a(h). Let n = -3 + 4. What is r(n)?
7
Let l(b) = 2*b + 3. Let y = 70 - 72. Calculate l(y).
-1
Let q(z) = 10*z - 4. Let s(t) = -20*t + 7. Let n(w) = -5*q(w) - 3*s(w). Give n(1).
9
Let l = 224 + -230. Let g(h) be the second derivative of -h**4/12 - 5*h**3/6 + 5*h**2/2 - h. Give g(l).
-1
Let t(r) = -r**2 + 2*r - 1. Let o(i) = i**3 + 5 - 4 - 1. Let v(w) = -o(w) + t(w). Give v(2).
-9
Let s(o) = -3*o + 9. Suppose 2*w - 2*l + 26 = 6*w, -5*l = 4*w - 29. Determine s(w).
-9
Let i(d) be the first derivative of d**3/3 - 3*d**2 + 4*d + 9. Give i(5).
-1
Let o(a) be the first derivative of -a**4/4 + a**3/3 - a**2/2 - 5*a - 17. Let t be 1 - (2/2 + 0). Give o(t).
-5
Let i(c) = c**2 - 6*c - 3. Suppose 0*w - w + 7 = 2*k, -5*w = -2*k + 37. Determine i(k).
-3
Let w(t) = -t**3 - 7*t**2 + 7. Let y be w(-7). Suppose -2*g - f + 4 = -3*f, 0 = -4*f + 20. Let q(o) = o + 1 - o**2 + g - y. Give q(-2).
-5
Suppose -5*t + 245 = -0*t. Let h(d) = -22*d - 26*d + t*d. Calculate h(2).
2
Let c(v) = 3*v**2 - 14*v - 11. Let r(f) = -2*f**2 + 8*f + 6. Let a(o) = 4*c(o) + 7*r(o). Determine a(-3).
-20
Let n(k) = k**3 - k**2 - k - 1. Suppose -q + 6 = -x, -x + 0*q - 5*q = -24. What is n(x)?
-2
Suppose 54 = 3*a + 6. Let m = a + -11. Let n(f) = -5*f**2 - 4*f - f + 3*f - 6 + 3*f + f**3. Give n(m).
-1
Let x(q) = -q. Let y be x(-2). Let p(f) = -2 - y*f - f + 2*f. What is p(0)?
-2
Suppose -4*a + 46 + 74 = 0. Suppose -6*n = -n + a. Let i(c) = 2*c**2 - 7*c - 9. Let q(w) = -3*w**2 + 7*w + 9. Let z(h) = 4*i(h) + 3*q(h). Calculate z(n).
-3
Let b = -15 + 55. Let f be 10/b - 18/8. Let z(v) = v + 1. Let a(x) = 8*x + 6. Let n(j) = a(j) - 3*z(j). Give n(f).
-7
Let p(f) b